d a?
2
Suppose 3*a - 8*a + 4*k = -109, 0 = -4*a - k + 83. Calculate the greatest common factor of a and 2373.
21
Let s be 31/(-124) + (-2097)/(-4) - 5. Suppose 17 = 3*j + 2, -s = -2*y - 3*j. Calculate the greatest common factor of 36 and y.
36
Let x be 1 + 6 + 33/(-11). Suppose -x = 4*o, 0 = l - 3*l + o - 29. Let p(c) = c + 16. Let v be p(l). Calculate the highest common factor of 9 and v.
1
Let x be ((-616)/16)/((-11)/110). Calculate the greatest common factor of 495 and x.
55
Suppose -g + 9 = 2*b, g + 4 = -3*b + 19. Suppose 2*n - m - b - 3 = 0, 5 = n - m. Let a be 0/(n/2) + 3. What is the greatest common divisor of 9 and a?
3
Let g(x) = 26*x**3 - 5*x**2 + 14*x - 2. Let c(r) = r**3 - 9*r**2 + 23*r - 13. Let i be c(5). Let a be g(i). What is the greatest common divisor of 2 and a?
2
Suppose -18 = -2*v + 42. Let s(d) = -v*d**3 - 3*d + 3 + 6*d + 0*d. Let a be s(-1). What is the highest common divisor of a and 6?
6
Let s(h) = 5*h**2 + 196*h - 4. Let c be s(-40). What is the greatest common factor of c and 2392?
52
Let v = 9479 + -8703. What is the greatest common divisor of 28 and v?
4
Let r be 34 - 18/24*4. Let f = 805 - 402. Calculate the greatest common divisor of f and r.
31
Let s = -13675 + 13759. Calculate the greatest common divisor of 2928 and s.
12
Let m(j) = -j**2 + 44*j + 42. Let i be m(23). Let w = i - 77. What is the greatest common factor of w and 256?
64
Suppose -63 - 77 = 7*c. Let f = c - -77. Calculate the highest common divisor of f and 76.
19
Suppose 0 = -3*f + 42 - 27. Let k be 2 - 0/(10/f + 0). What is the greatest common divisor of k and 2?
2
Let a be ((-24)/(-1404)*-13)/(1/(-9)). Calculate the greatest common divisor of 598 and a.
2
Let t = 18 + 12. Suppose -2*n = -16*n + 84. Suppose -3*a = -n*a + 4*m + 52, -3*a + 70 = 5*m. Calculate the highest common factor of t and a.
10
Let a be -2*15/6*-2. Suppose -5*d + l = -d - 13, 0 = -5*d - 5*l + 35. Let i be (a/7)/(d/140). Calculate the greatest common divisor of i and 10.
10
Suppose u = 61 - 7. Suppose 1412 + 434 = 49*b - 1682. What is the greatest common factor of b and u?
18
Suppose 34*y = 38*y - 380. Suppose 9*v - y = -14. Suppose -3*a - 2*r = -197, r - 495 + 176 = -5*a. What is the greatest common factor of a and v?
9
Suppose 429 = 4*b + 5*v, 3*v - 158 - 301 = -4*b. Suppose 4*w = 5*a - 50, 0*w + 2*w = 5*a - 60. Calculate the highest common divisor of b and a.
14
Let m be 18/27*39 - (-2 - -6). What is the highest common factor of m and 2101?
11
Let b(z) = -132*z**3 + 66*z**3 + 7*z**2 - 14 - z + 65*z**3. Let o be b(4). Suppose m = 3*m - o. Calculate the greatest common factor of 10 and m.
5
Suppose 2*j - 120 = 26*j. Let t be 10/j*(-3 + 4 + -15). What is the highest common divisor of t and 35?
7
Let w be -65*((-244)/60 - 2/6). Suppose 9*o + 0*o - 54 = 0. Let i be 6/o - (-26 + 1). What is the highest common factor of i and w?
26
Let s(h) = 240*h + 20159. Let q be s(0). What is the greatest common divisor of q and 38?
19
Let l be ((-6)/(-10))/((-6)/30). Let j be 3 - (-5 - l) - (-75)/3. What is the highest common divisor of 525 and j?
15
Let b(m) = m**2 + 10*m + 40. Suppose -2*p - 18 + 8 = 0. Let t be b(p). Calculate the highest common factor of t and 285.
15
Suppose m + 4*m + 11 = 2*n, -2*n = -m - 7. Suppose -145 = 3*i - 4*i + n*l, 4*i = 2*l + 630. What is the highest common factor of 10 and i?
10
Let d be 1 - 9/3*-1. Suppose -d = 2*c, 0 = 3*f - c + 5*c - 22. Let o be (-138 - (2 - 0))*(-4)/f. What is the greatest common divisor of 140 and o?
28
Let u = 360 - 357. Suppose -2*d = 3*w - 386, -u*d + 4*w - 9*w = -578. Calculate the highest common divisor of 490 and d.
98
Suppose 0 = -v - 3*h + 7, 0*v - 2*h - 17 = -v. Let f be -68*((-39)/6)/v. Calculate the greatest common divisor of f and 306.
34
Let s(c) = c**3 - 5*c**2 + 36*c - 273. Let a be s(9). What is the highest common factor of a and 405?
15
Suppose -3*n - 67 = 2*l, -43*n = -l - 39*n - 17. Suppose -g - g - 4*o = -118, g - 74 = o. Let u = l + g. What is the highest common factor of 16 and u?
8
Let s be (-18)/(-10) - 5676/(-55). Calculate the greatest common divisor of s and 4620.
105
Let z = 52 - 15. Let i = -2126 + 2977. What is the highest common divisor of z and i?
37
Let i(q) = 3*q + 9. Let d be i(6). Suppose -d*r + 8*r = -10241. What is the highest common divisor of r and 11?
11
Let u be 3*-76*(-4)/(14 - 6). What is the greatest common factor of 19038 and u?
114
Let t(o) = -3*o - 7. Let u be t(-10). Suppose 10*w - u = 7. Let c be -3 + (72/4)/w. Calculate the greatest common factor of c and 3.
3
Let n = -1437 - -2130. Let x = -2449 - -2512. What is the highest common divisor of n and x?
63
Let k be (-3)/21 + (-246)/(-7). Let p = k + -19. Suppose -p*i - 648 = -20*i. What is the highest common factor of 18 and i?
18
Suppose 0 = -12*f - 3*y + 33978, 4*f + 64*y - 60*y - 11320 = 0. Calculate the greatest common factor of f and 826.
118
Let f = -8 + 10. Suppose -5*t - 25 = 0, 4*u + 472 = -2*t + 598. What is the highest common divisor of f and u?
2
Let l(m) = -46*m + 92. Let t be l(2). Suppose 9*v = 4*v - 3*y + 40, -v + 30 = 5*y. Suppose t = v*q - 2*q - 315. What is the greatest common factor of 42 and q?
21
Let x(y) = -3*y + 13. Let h be x(7). Let j be (-2)/h*-2*-6 + 2. Suppose m - 5*w = -4*w + 5, 3*m - 15 = 4*w. What is the highest common factor of m and j?
5
Let c be (-48 - 74)*(-1)/1. Calculate the greatest common factor of 427 and c.
61
Let s = 108 + 266. Let j be (10 + -8)*2/7*(27 - -92). What is the greatest common factor of j and s?
34
Let l(p) = 20*p**2 - 10*p. Let s be l(-8). Let w(d) = 8*d**3 - 159*d**2 - 19*d + 60. Let u be w(20). Calculate the highest common divisor of u and s.
80
Let x = -88 - -82. Let c be ((-1)/6)/(x/36). Let p be -9*c/(-3) - -19. What is the highest common factor of 11 and p?
11
Let i = -431 + 403. Let b be (-147)/i - 5 - 254/(-8). What is the greatest common factor of 128 and b?
32
Suppose 3*r - 645 = 3*u - 0*r, 0 = -u + 3*r - 215. Let h = 259 + u. What is the highest common factor of 66 and h?
22
Suppose -149513 = -75*z + 474927 + 34885. What is the greatest common factor of z and 149?
149
Suppose -65*l - 1704267 = -161*l - 141*l. What is the greatest common factor of 235 and l?
47
Suppose 69 = 5*h + 44. Suppose 0 = b + h - 36. Suppose -3*n - b = -2*i, 0 = -9*i + 4*i + n + 58. What is the highest common factor of i and 121?
11
Suppose -133*g = -138*g + 1485. Calculate the greatest common divisor of 351 and g.
27
Let g = -911 + 1047. Suppose 25*n - g = 21*n. Calculate the greatest common divisor of 170 and n.
34
Suppose -12*s - t - 9 = -9*s, 0 = -4*s - 2*t - 14. Let n be s/(-5)*(-1845)/(-18). What is the highest common divisor of n and 451?
41
Let g be -4 + 80 + (-1 - -9). What is the highest common factor of g and 192?
12
Suppose -5*p + 3*a - 35 + 0 = 0, 7 = -p - a. Let y(o) = -8*o - 23. Let q be y(p). Let j = q + 9. What is the greatest common factor of 14 and j?
14
Suppose 0 = 2*y + c - 26, 3*y - 2 - 30 = -5*c. Suppose 4*p - y = 2. Suppose -1 = p*a - 29. What is the greatest common factor of 119 and a?
7
Suppose 0*d = 2*d. Suppose 6*t - t - 235 = d. Let j be 9159/39 + 60/390. Calculate the greatest common divisor of t and j.
47
Let p = 4214 + -3010. What is the greatest common factor of 42 and p?
14
Suppose 6*k = 5*k + 3*k. Suppose 24*t - 28*t + 8 = k. Let y(l) = l + 2. Let q be y(1). Calculate the greatest common divisor of q and t.
1
Let m(y) = -516*y + 361. Let c be m(-5). Calculate the greatest common divisor of 51 and c.
17
Suppose -8*r - 8*r = -1728. Suppose -31*h + 34*h - r = 0. What is the highest common divisor of h and 18?
18
Let b(x) = -3*x - 7*x**3 - 1 + 2*x**3 + 9 + 12*x + 0*x + 39*x**2. Let d be b(8). What is the greatest common divisor of 592 and d?
16
Let l(w) = -7*w - 171. Let t be l(-22). Let r be t*(-22)/3 - 2/(-6). What is the greatest common factor of 100 and r?
25
Suppose -3*s = 6, -1114 = -v - 2*s - 451. What is the highest common divisor of v and 230?
23
Let x = 140 + -153. Let i be ((-48)/(-9))/(x/(-117)). Calculate the greatest common factor of i and 60.
12
Suppose 2*m + 1 = -1. Let a(c) = -36*c. Let x be a(m). Let y = -339 + 347. What is the highest common divisor of y and x?
4
Let i be 4*40/(4/2). Suppose -3*d + 12 = 5*b - 3, b + 53 = 5*d. What is the highest co